{"id":10593,"date":"2025-09-24T14:53:01","date_gmt":"2025-09-24T12:53:01","guid":{"rendered":"https:\/\/www.mirabel-crique.com\/?page_id=10593"},"modified":"2025-09-30T15:04:50","modified_gmt":"2025-09-30T13:04:50","slug":"im-oktober-zum-campingplatz-in-saint-cast-le-guildo-kommen","status":"publish","type":"page","link":"https:\/\/www.mirabel-crique.com\/de\/les-experiences\/venir-au-camping-en-octobre-a-saint-cast-le-guildo\/","title":{"rendered":"Im Oktober zum Camping nach Saint-Cast-le-Guildo kommen"},"content":{"rendered":"<h1 class=\"wp-block-heading\">Im Oktober zum Camping nach Saint-Cast-le-Guildo kommen<\/h1>\n\n\n\n<p class=\"has-text-align-center\">Sie suchen einen <strong>zeltplatz im oktober ge\u00f6ffnet<\/strong>e f\u00fcr die <strong>Allerheiligenferien <\/strong>oder f\u00fcr einen <strong>Wochenende in der Bretagne<\/strong> ? Unser 3-Sterne-Campingplatz La Crique in Saint-Cast-le-Guildo empf\u00e4ngt Sie in einem Mobilheim oder auf einem Stellplatz mit Meerblick gegen\u00fcber dem Fort La Latte.<\/p>\n\n\n\n<figure class=\"wp-block-image aligncenter size-full\"><img loading=\"lazy\" decoding=\"async\" width=\"50\" height=\"8\" src=\"https:\/\/www.mirabel-crique.com\/wp-content\/uploads\/2022\/11\/barre-bleue.png\" alt=\"Stange\" class=\"wp-image-8062\"\/><\/figure>\n\n\n\n<div class=\"wp-block-media-text is-stacked-on-mobile\"><figure class=\"wp-block-media-text__media\"><img loading=\"lazy\" decoding=\"async\" width=\"600\" height=\"400\" src=\"https:\/\/www.mirabel-crique.com\/wp-content\/uploads\/2025\/09\/camping-octobre-crique-ouvert.jpg\" alt=\"camping 3 sterne ge\u00f6ffnet im oktober saint cast le guildo\" class=\"wp-image-10600 size-full\" srcset=\"https:\/\/www.mirabel-crique.com\/wp-content\/uploads\/2025\/09\/camping-octobre-crique-ouvert.jpg 600w, https:\/\/www.mirabel-crique.com\/wp-content\/uploads\/2025\/09\/camping-octobre-crique-ouvert-300x200.jpg 300w\" sizes=\"auto, (max-width: 600px) 100vw, 600px\" \/><\/figure><div class=\"wp-block-media-text__content\">\n<h2 class=\"wp-block-heading\">3-Sterne-Campingplatz in der Bretagne im Oktober er\u00f6ffnet<\/h2>\n\n\n\n<figure class=\"wp-block-image size-full\"><img loading=\"lazy\" decoding=\"async\" width=\"50\" height=\"8\" src=\"https:\/\/www.mirabel-crique.com\/wp-content\/uploads\/2022\/11\/barre-bleue.png\" alt=\"Stange\" class=\"wp-image-8062\"\/><\/figure>\n\n\n\n<p>Wenn Sie sich fragen, wohin Sie w\u00e4hrend der <strong>Allerheiligenferien mit der Familie<\/strong>, dann haben wir die Antwort. Unser Campingplatz Mirabel La Crique ist bis zum 26. Oktober 2025 ge\u00f6ffnet. Er liegt auf den Anh\u00f6hen von Saint-Cast im Departement C\u00f4tes-d'Armor. Genie\u00dfen Sie die ruhige Umgebung und den Blick auf das Meer. Wenn Sie erst einmal da sind, fehlt es nicht an Einrichtungen <strong>f\u00fcr die ganze Familie<\/strong> : Spielplatz mit Schaukeln, Trampolin, Tischtennisplatte oder auch Boulepl\u00e4tze und die \u00abTy Coin Randonneur\u00bb f\u00fcr Zeltcamper.<\/p>\n\n\n\n<p><\/p>\n<\/div><\/div>\n\n\n\n<p><\/p>\n\n\n\n<div class=\"wp-block-media-text has-media-on-the-right is-stacked-on-mobile\"><div class=\"wp-block-media-text__content\">\n<h2 class=\"wp-block-heading\">Wo kann man im Oktober in Saint-Cast \u00fcbernachten?<\/h2>\n\n\n\n<figure class=\"wp-block-image size-full\"><img loading=\"lazy\" decoding=\"async\" width=\"50\" height=\"8\" src=\"https:\/\/www.mirabel-crique.com\/wp-content\/uploads\/2022\/11\/barre-bleue.png\" alt=\"Stange\" class=\"wp-image-8062\"\/><\/figure>\n\n\n\n<p>Auf der Suche nach Ihrem <strong>Unterkunft f\u00fcr die Allerheiligenferien <\/strong>? Ob Miete oder Stellplatz, der Campingplatz La Crique empf\u00e4ngt Sie in der N\u00e4he des Plage de la Mare, einem idealen Spot zum Tauchen oder Baden. Sie k\u00f6nnen Ihre gesamte Ausr\u00fcstung mitnehmen und es sich in der Unterkunft Ihrer Wahl gem\u00fctlich machen.<\/p>\n\n\n\n<h3 class=\"wp-block-heading\"><strong>Unsere neuesten Mobilheime<\/strong><\/h3>\n\n\n\n<p>Von 1 bis 3 Zimmern f\u00fcr einen Familienurlaub, <a href=\"https:\/\/www.mirabel-crique.com\/de\/tarife-fur-die-vermietung-von-mobilheimen\/\" target=\"_blank\" rel=\"noreferrer noopener\">unsere Bungalows<\/a> werden Sie mit ihrer modernen und n\u00fctzlichen Ausstattung begeistern:<\/p>\n\n\n\n<ul class=\"wp-block-list\">\n<li>Ausgestattete K\u00fcche<\/li>\n\n\n\n<li>Wohn-\/Wohnzimmer mit Fernseher<\/li>\n\n\n\n<li>Zimmer mit Stauraum<\/li>\n\n\n\n<li><strong>\u00dcberdachte Terrasse<\/strong><\/li>\n<\/ul>\n\n\n\n<h3 class=\"wp-block-heading\"><strong>Unsere Stellpl\u00e4tze mit Meerblick <\/strong><\/h3>\n\n\n\n<p>Entscheiden Sie sich f\u00fcr Ihr Wohnmobil, Ihren Wohnwagen oder Ihren ausgebauten Van f\u00fcr die <a href=\"https:\/\/www.mirabel-crique.com\/de\/campingplatz\/\" target=\"_blank\" rel=\"noreferrer noopener\">ger\u00e4umige Stellpl\u00e4tze<\/a> des Campingplatzes La Crique. L\u2019<strong>Entleerungsgebiet<\/strong> erm\u00f6glicht es Ihnen, Ihr Fahrzeug zu warten, bevor Sie sich wieder auf den Weg zu einem anderen Ziel in der Bretagne oder anderswo machen. Derzeit und bis zum <strong>26.10.2025, profitieren Sie von -20% auf allen Pl\u00e4tzen!!!<\/strong><\/p>\n<\/div><figure class=\"wp-block-media-text__media\"><img loading=\"lazy\" decoding=\"async\" width=\"600\" height=\"400\" src=\"https:\/\/www.mirabel-crique.com\/wp-content\/uploads\/2025\/09\/location-mobil-home-octobre.jpg\" alt=\"vermietung von mobilheimen in la crique im oktober\" class=\"wp-image-10604 size-full\" srcset=\"https:\/\/www.mirabel-crique.com\/wp-content\/uploads\/2025\/09\/location-mobil-home-octobre.jpg 600w, https:\/\/www.mirabel-crique.com\/wp-content\/uploads\/2025\/09\/location-mobil-home-octobre-300x200.jpg 300w\" sizes=\"auto, (max-width: 600px) 100vw, 600px\" \/><\/figure><\/div>\n\n\n\n<p><\/p>\n\n\n\n<div class=\"wp-block-media-text is-stacked-on-mobile front-page-section grey\"><figure class=\"wp-block-media-text__media\"><img loading=\"lazy\" decoding=\"async\" width=\"600\" height=\"400\" src=\"https:\/\/www.mirabel-crique.com\/wp-content\/uploads\/2025\/09\/restaurant-crique-snack.jpg\" alt=\"restaurant la crique an toussaint ge\u00f6ffnet\" class=\"wp-image-10608 size-full\" srcset=\"https:\/\/www.mirabel-crique.com\/wp-content\/uploads\/2025\/09\/restaurant-crique-snack.jpg 600w, https:\/\/www.mirabel-crique.com\/wp-content\/uploads\/2025\/09\/restaurant-crique-snack-300x200.jpg 300w\" sizes=\"auto, (max-width: 600px) 100vw, 600px\" \/><\/figure><div class=\"wp-block-media-text__content\">\n<h2 class=\"wp-block-heading\">Das Restaurant La Crique und seine Terrasse mit Meerblick<\/h2>\n\n\n\n<figure class=\"wp-block-image size-full\"><img loading=\"lazy\" decoding=\"async\" width=\"50\" height=\"8\" src=\"https:\/\/www.mirabel-crique.com\/wp-content\/uploads\/2022\/11\/barre-bleue.png\" alt=\"Stange\" class=\"wp-image-8062\"\/><\/figure>\n\n\n\n<p>An den Campingplatz geklebt<strong><a href=\"https:\/\/www.mirabel-crique.com\/de\/restaurant-bar-snack\/\" target=\"_blank\" rel=\"noreferrer noopener\"> snack-bar &amp; restaurant La Crique<\/a><\/strong> von Axel ist <strong>bis Ende Oktober ge\u00f6ffnet<\/strong>e in Saint-Cast-le-Guildo. Axel, der aus dem Ort stammt, m\u00f6chte eine <strong>abwechslungsreiche K\u00fcche <\/strong>und Qualit\u00e4t mit <strong>lokale und saisonale Produkte<\/strong>. Die Speisekarte wechselt je nach Lust und Laune und der Inspiration des Augenblicks. Gourmetvorspeisen, neu interpretierte Gerichte, Tagesdesserts - hier finden Sie bestimmt etwas Passendes.<\/p>\n\n\n\n<p>Wenn Sie einfach nur einen <strong>Terrassenglas<\/strong>, Das ist auch m\u00f6glich. Zum Aperitif werden einige Tapas zum Teilen angeboten. Ein kleiner Tipp: Denken Sie daran, im Voraus zu reservieren! <\/p>\n<\/div><\/div>\n\n\n\n<p><\/p>\n\n\n\n<div class=\"wp-block-media-text has-media-on-the-right is-stacked-on-mobile animate right\"><div class=\"wp-block-media-text__content\">\n<h3 class=\"wp-block-heading\">Allerheiligenferien mit der Familie in Saint-Cast<\/h3>\n\n\n\n<figure class=\"wp-block-image size-full\"><img loading=\"lazy\" decoding=\"async\" width=\"50\" height=\"8\" src=\"https:\/\/www.mirabel-crique.com\/wp-content\/uploads\/2022\/11\/barre-bleue.png\" alt=\"Stange\" class=\"wp-image-8062\"\/><\/figure>\n\n\n\n<p>Sie haben sich entschieden, zu zweit, mit Kindern und Enkelkindern f\u00fcr einen <strong>herbstlicher Aufenthalt in Saint-Cast-le-Guildo<\/strong> und Sie hatten Recht. Der Badeort im Departement C\u00f4tes-d'Armor, weniger als 30 Autominuten von Cap Fr\u00e9hel entfernt, ist ein <strong>ideales Reiseziel im Oktober.<\/strong> Hier sind einige Ideen f\u00fcr<strong>\u2018Aktivit\u00e4ten an Allerheiligen<\/strong> in C\u00f4tes d'Armor :<\/p>\n\n\n\n<ul class=\"wp-block-list\">\n<li>Wanderungen und Spazierg\u00e4nge: Der GR34, der direkt neben dem Campingplatz verl\u00e4uft, l\u00e4dt Sie dazu ein, an der K\u00fcste entlang zu wandern und die wundersch\u00f6nen Buchten von Saint-Cast zu entdecken. Sie erreichen das Cap Fr\u00e9hel und seinen Leuchtturm. Etwas weiter entfernt liegt das Cap d'Erquy mit seiner wilden Flora und Fauna, wo Sie v\u00f6llig abschalten k\u00f6nnen.<\/li>\n\n\n\n<li>Kulturelle Besichtigung: Die Stadt Malouine, die weniger als eine Stunde vom Campingplatz entfernt liegt, ist das absolute Muss in der Region. Das alte Zentrum, <strong>die Stadtmauern von Saint-Malo<\/strong> sind zu entdecken. Es ist auch ein Schauplatz w\u00e4hrend der gro\u00dfen Gezeiten, wenn die Wellen auf den Deich schlagen!<\/li>\n\n\n\n<li>Festival de la Coquille (Jakobsmuschel) in Saint-Brieuc: 25. und 26. Oktober 2025. Kunsthandwerkermarkt, Verkostung und andere Animationen auf dem Programm.<\/li>\n<\/ul>\n\n\n\n<p>Das gesamte Programm der <strong>Allerheiligenferien in C\u00f4tes-d'Armor <\/strong>ist auf der Website zu finden <a href=\"https:\/\/www.cotesdarmor.com\/agenda\/fetes-et-manifestations\/\" target=\"_blank\" rel=\"noreferrer noopener\">C\u00f4tes-d'Armor Tourismus<\/a>.<\/p>\n<\/div><figure class=\"wp-block-media-text__media\"><img loading=\"lazy\" decoding=\"async\" width=\"600\" height=\"400\" src=\"https:\/\/www.mirabel-crique.com\/wp-content\/uploads\/2025\/09\/randonne-cap-frehel-bretagne.jpg\" alt=\"aktivit\u00e4ten im herbst cotes d&#039;armor\" class=\"wp-image-10612 size-full\" srcset=\"https:\/\/www.mirabel-crique.com\/wp-content\/uploads\/2025\/09\/randonne-cap-frehel-bretagne.jpg 600w, https:\/\/www.mirabel-crique.com\/wp-content\/uploads\/2025\/09\/randonne-cap-frehel-bretagne-300x200.jpg 300w\" sizes=\"auto, (max-width: 600px) 100vw, 600px\" \/><\/figure><\/div>\n\n\n\n<p><\/p>","protected":false},"excerpt":{"rendered":"<p>Venir au camping en octobre \u00e0 Saint-Cast-le-Guildo Vous cherchez un camping ouvert en octobre pour les vacances de la Toussaint [&hellip;]<\/p>\n","protected":false},"author":2,"featured_media":0,"parent":272,"menu_order":0,"comment_status":"closed","ping_status":"closed","template":"","meta":{"_seopress_robots_primary_cat":"","_seopress_titles_title":"Camping octobre St-Cast-le-Guildo : s\u00e9jour en Bretagne","_seopress_titles_desc":"Profitez d\u2019un s\u00e9jour en camping en octobre \u00e0 Saint-Cast-le-Guildo. Mobil-homes, emplacements vue mer et activit\u00e9s d\u2019automne vous attendent en Bretagne.","_seopress_robots_index":"","footnotes":""},"class_list":["post-10593","page","type-page","status-publish","hentry"],"_links":{"self":[{"href":"https:\/\/www.mirabel-crique.com\/de\/wp-json\/wp\/v2\/pages\/10593","targetHints":{"allow":["GET"]}}],"collection":[{"href":"https:\/\/www.mirabel-crique.com\/de\/wp-json\/wp\/v2\/pages"}],"about":[{"href":"https:\/\/www.mirabel-crique.com\/de\/wp-json\/wp\/v2\/types\/page"}],"author":[{"embeddable":true,"href":"https:\/\/www.mirabel-crique.com\/de\/wp-json\/wp\/v2\/users\/2"}],"replies":[{"embeddable":true,"href":"https:\/\/www.mirabel-crique.com\/de\/wp-json\/wp\/v2\/comments?post=10593"}],"version-history":[{"count":20,"href":"https:\/\/www.mirabel-crique.com\/de\/wp-json\/wp\/v2\/pages\/10593\/revisions"}],"predecessor-version":[{"id":10640,"href":"https:\/\/www.mirabel-crique.com\/de\/wp-json\/wp\/v2\/pages\/10593\/revisions\/10640"}],"up":[{"embeddable":true,"href":"https:\/\/www.mirabel-crique.com\/de\/wp-json\/wp\/v2\/pages\/272"}],"wp:attachment":[{"href":"https:\/\/www.mirabel-crique.com\/de\/wp-json\/wp\/v2\/media?parent=10593"}],"curies":[{"name":"WordPress","href":"https:\/\/api.w.org\/{rel}","templated":true}]}}

<h1 class="wp-block-heading">Im Oktober zum Camping nach Saint-Cast-le-Guildo kommen</h1>



<p class="has-text-align-center">Sie suchen einen <strong>zeltplatz im oktober geöffnet</strong>e für die <strong>Allerheiligenferien </strong>oder für einen <strong>Wochenende in der Bretagne</strong> ? Unser 3-Sterne-Campingplatz La Crique in Saint-Cast-le-Guildo empfängt Sie in einem Mobilheim oder auf einem Stellplatz mit Meerblick gegenüber dem Fort La Latte.</p>



<figure class="wp-block-image aligncenter size-full"><img loading="lazy" decoding="async" width="50" height="8" src="https://www.mirabel-crique.com/wp-content/uploads/2022/11/barre-bleue.png" alt="Stange" class="wp-image-8062"/></figure>



<div class="wp-block-media-text is-stacked-on-mobile"><figure class="wp-block-media-text__media"><img loading="lazy" decoding="async" width="600" height="400" src="https://www.mirabel-crique.com/wp-content/uploads/2025/09/camping-octobre-crique-ouvert.jpg" alt="camping 3 sterne geöffnet im oktober saint cast le guildo" class="wp-image-10600 size-full" srcset="https://www.mirabel-crique.com/wp-content/uploads/2025/09/camping-octobre-crique-ouvert.jpg 600w, https://www.mirabel-crique.com/wp-content/uploads/2025/09/camping-octobre-crique-ouvert-300x200.jpg 300w" sizes="auto, (max-width: 600px) 100vw, 600px" /></figure><div class="wp-block-media-text__content">
<h2 class="wp-block-heading">3-Sterne-Campingplatz in der Bretagne im Oktober eröffnet</h2>



<figure class="wp-block-image size-full"><img loading="lazy" decoding="async" width="50" height="8" src="https://www.mirabel-crique.com/wp-content/uploads/2022/11/barre-bleue.png" alt="Stange" class="wp-image-8062"/></figure>



<p>Wenn Sie sich fragen, wohin Sie während der <strong>Allerheiligenferien mit der Familie</strong>, dann haben wir die Antwort. Unser Campingplatz Mirabel La Crique ist bis zum 26. Oktober 2025 geöffnet. Er liegt auf den Anhöhen von Saint-Cast im Departement Côtes-d'Armor. Genießen Sie die ruhige Umgebung und den Blick auf das Meer. Wenn Sie erst einmal da sind, fehlt es nicht an Einrichtungen <strong>für die ganze Familie</strong> : Spielplatz mit Schaukeln, Trampolin, Tischtennisplatte oder auch Bouleplätze und die «Ty Coin Randonneur» für Zeltcamper.</p>



<p></p>
</div></div>



<p></p>



<div class="wp-block-media-text has-media-on-the-right is-stacked-on-mobile"><div class="wp-block-media-text__content">
<h2 class="wp-block-heading">Wo kann man im Oktober in Saint-Cast übernachten?</h2>



<figure class="wp-block-image size-full"><img loading="lazy" decoding="async" width="50" height="8" src="https://www.mirabel-crique.com/wp-content/uploads/2022/11/barre-bleue.png" alt="Stange" class="wp-image-8062"/></figure>



<p>Auf der Suche nach Ihrem <strong>Unterkunft für die Allerheiligenferien </strong>? Ob Miete oder Stellplatz, der Campingplatz La Crique empfängt Sie in der Nähe des Plage de la Mare, einem idealen Spot zum Tauchen oder Baden. Sie können Ihre gesamte Ausrüstung mitnehmen und es sich in der Unterkunft Ihrer Wahl gemütlich machen.</p>



<h3 class="wp-block-heading"><strong>Unsere neuesten Mobilheime</strong></h3>



<p>Von 1 bis 3 Zimmern für einen Familienurlaub, <a href="https://www.mirabel-crique.com/de/tarife-fur-die-vermietung-von-mobilheimen/" target="_blank" rel="noreferrer noopener">unsere Bungalows</a> werden Sie mit ihrer modernen und nützlichen Ausstattung begeistern:</p>



<ul class="wp-block-list">
<li>Ausgestattete Küche</li>



<li>Wohn-/Wohnzimmer mit Fernseher</li>



<li>Zimmer mit Stauraum</li>



<li><strong>Überdachte Terrasse</strong></li>
</ul>



<h3 class="wp-block-heading"><strong>Unsere Stellplätze mit Meerblick </strong></h3>



<p>Entscheiden Sie sich für Ihr Wohnmobil, Ihren Wohnwagen oder Ihren ausgebauten Van für die <a href="https://www.mirabel-crique.com/de/campingplatz/" target="_blank" rel="noreferrer noopener">geräumige Stellplätze</a> des Campingplatzes La Crique. L’<strong>Entleerungsgebiet</strong> ermöglicht es Ihnen, Ihr Fahrzeug zu warten, bevor Sie sich wieder auf den Weg zu einem anderen Ziel in der Bretagne oder anderswo machen. Derzeit und bis zum <strong>26.10.2025, profitieren Sie von -20% auf allen Plätzen!!!</strong></p>
</div><figure class="wp-block-media-text__media"><img loading="lazy" decoding="async" width="600" height="400" src="https://www.mirabel-crique.com/wp-content/uploads/2025/09/location-mobil-home-octobre.jpg" alt="vermietung von mobilheimen in la crique im oktober" class="wp-image-10604 size-full" srcset="https://www.mirabel-crique.com/wp-content/uploads/2025/09/location-mobil-home-octobre.jpg 600w, https://www.mirabel-crique.com/wp-content/uploads/2025/09/location-mobil-home-octobre-300x200.jpg 300w" sizes="auto, (max-width: 600px) 100vw, 600px" /></figure></div>



<p></p>



<div class="wp-block-media-text is-stacked-on-mobile front-page-section grey"><figure class="wp-block-media-text__media"><img loading="lazy" decoding="async" width="600" height="400" src="https://www.mirabel-crique.com/wp-content/uploads/2025/09/restaurant-crique-snack.jpg" alt="restaurant la crique an toussaint geöffnet" class="wp-image-10608 size-full" srcset="https://www.mirabel-crique.com/wp-content/uploads/2025/09/restaurant-crique-snack.jpg 600w, https://www.mirabel-crique.com/wp-content/uploads/2025/09/restaurant-crique-snack-300x200.jpg 300w" sizes="auto, (max-width: 600px) 100vw, 600px" /></figure><div class="wp-block-media-text__content">
<h2 class="wp-block-heading">Das Restaurant La Crique und seine Terrasse mit Meerblick</h2>



<figure class="wp-block-image size-full"><img loading="lazy" decoding="async" width="50" height="8" src="https://www.mirabel-crique.com/wp-content/uploads/2022/11/barre-bleue.png" alt="Stange" class="wp-image-8062"/></figure>



<p>An den Campingplatz geklebt<strong><a href="https://www.mirabel-crique.com/de/restaurant-bar-snack/" target="_blank" rel="noreferrer noopener"> snack-bar &amp; restaurant La Crique</a></strong> von Axel ist <strong>bis Ende Oktober geöffnet</strong>e in Saint-Cast-le-Guildo. Axel, der aus dem Ort stammt, möchte eine <strong>abwechslungsreiche Küche </strong>und Qualität mit <strong>lokale und saisonale Produkte</strong>. Die Speisekarte wechselt je nach Lust und Laune und der Inspiration des Augenblicks. Gourmetvorspeisen, neu interpretierte Gerichte, Tagesdesserts - hier finden Sie bestimmt etwas Passendes.</p>



<p>Wenn Sie einfach nur einen <strong>Terrassenglas</strong>, Das ist auch möglich. Zum Aperitif werden einige Tapas zum Teilen angeboten. Ein kleiner Tipp: Denken Sie daran, im Voraus zu reservieren! </p>
</div></div>



<p></p>



<div class="wp-block-media-text has-media-on-the-right is-stacked-on-mobile animate right"><div class="wp-block-media-text__content">
<h3 class="wp-block-heading">Allerheiligenferien mit der Familie in Saint-Cast</h3>



<figure class="wp-block-image size-full"><img loading="lazy" decoding="async" width="50" height="8" src="https://www.mirabel-crique.com/wp-content/uploads/2022/11/barre-bleue.png" alt="Stange" class="wp-image-8062"/></figure>



<p>Sie haben sich entschieden, zu zweit, mit Kindern und Enkelkindern für einen <strong>herbstlicher Aufenthalt in Saint-Cast-le-Guildo</strong> und Sie hatten Recht. Der Badeort im Departement Côtes-d'Armor, weniger als 30 Autominuten von Cap Fréhel entfernt, ist ein <strong>ideales Reiseziel im Oktober.</strong> Hier sind einige Ideen für<strong>‘Aktivitäten an Allerheiligen</strong> in Côtes d'Armor :</p>



<ul class="wp-block-list">
<li>Wanderungen und Spaziergänge: Der GR34, der direkt neben dem Campingplatz verläuft, lädt Sie dazu ein, an der Küste entlang zu wandern und die wunderschönen Buchten von Saint-Cast zu entdecken. Sie erreichen das Cap Fréhel und seinen Leuchtturm. Etwas weiter entfernt liegt das Cap d'Erquy mit seiner wilden Flora und Fauna, wo Sie völlig abschalten können.</li>



<li>Kulturelle Besichtigung: Die Stadt Malouine, die weniger als eine Stunde vom Campingplatz entfernt liegt, ist das absolute Muss in der Region. Das alte Zentrum, <strong>die Stadtmauern von Saint-Malo</strong> sind zu entdecken. Es ist auch ein Schauplatz während der großen Gezeiten, wenn die Wellen auf den Deich schlagen!</li>



<li>Festival de la Coquille (Jakobsmuschel) in Saint-Brieuc: 25. und 26. Oktober 2025. Kunsthandwerkermarkt, Verkostung und andere Animationen auf dem Programm.</li>
</ul>



<p>Das gesamte Programm der <strong>Allerheiligenferien in Côtes-d'Armor </strong>ist auf der Website zu finden <a href="https://www.cotesdarmor.com/agenda/fetes-et-manifestations/" target="_blank" rel="noreferrer noopener">Côtes-d'Armor Tourismus</a>.</p>
</div><figure class="wp-block-media-text__media"><img loading="lazy" decoding="async" width="600" height="400" src="https://www.mirabel-crique.com/wp-content/uploads/2025/09/randonne-cap-frehel-bretagne.jpg" alt="aktivitäten im herbst cotes d&#039;armor" class="wp-image-10612 size-full" srcset="https://www.mirabel-crique.com/wp-content/uploads/2025/09/randonne-cap-frehel-bretagne.jpg 600w, https://www.mirabel-crique.com/wp-content/uploads/2025/09/randonne-cap-frehel-bretagne-300x200.jpg 300w" sizes="auto, (max-width: 600px) 100vw, 600px" /></figure></div>



<p></p>

<p>Venir au camping en octobre à Saint-Cast-le-Guildo Vous cherchez un camping ouvert en octobre pour les vacances de la Toussaint [&hellip;]</p>

Camping octobre St-Cast-le-Guildo : séjour en Bretagne

Profitez d’un séjour en camping en octobre à Saint-Cast-le-Guildo. Mobil-homes, emplacements vue mer et activités d’automne vous attendent en Bretagne.
