{"id":10715,"date":"2026-01-28T08:22:56","date_gmt":"2026-01-28T07:22:56","guid":{"rendered":"https:\/\/www.mirabel-crique.com\/?page_id=10715"},"modified":"2026-01-28T09:33:29","modified_gmt":"2026-01-28T08:33:29","slug":"okologischer-campingplatz","status":"publish","type":"page","link":"https:\/\/www.mirabel-crique.com\/de\/camping-ecologique\/","title":{"rendered":"\u00d6kologisches Camping"},"content":{"rendered":"<h1 class=\"wp-block-heading\"><strong>Ein engagierter Campingplatz f\u00fcr umweltfreundliche Ferien in Saint-Cast-le-Guildo<\/strong><\/h1>\n\n\n\n<p class=\"has-text-align-center\">Auf&nbsp;<strong>Campingplatz La Crique<\/strong>, In Saint-Cast-le-Guildo sind wir davon \u00fcberzeugt, dass Urlaub auch mit&nbsp;<strong>Spa\u00df, Natur und Umweltfreundlichkeit<\/strong>. Als Mitglied der Vert Bleu-Campingpl\u00e4tze und der Familiengruppe Mirabel verfolgt unser Campingplatz einen konkreten Ansatz von&nbsp;<strong>nachhaltiger Tourismus in der Bretagne<\/strong>, Wir wollen, dass die Menschen in unserer Region mit sichtbaren, n\u00fctzlichen und gemeinsamen Aktionen f\u00fcr unsere Urlauberinnen und Urlauber sorgen.<\/p>\n\n\n\n<figure class=\"wp-block-image aligncenter size-full\"><img loading=\"lazy\" decoding=\"async\" width=\"50\" height=\"8\" src=\"https:\/\/www.mirabel-crique.com\/wp-content\/uploads\/2022\/11\/barre-bleue.png\" alt=\"Stange\" class=\"wp-image-8062\"\/><\/figure>\n\n\n\n<div class=\"wp-block-media-text is-stacked-on-mobile\"><figure class=\"wp-block-media-text__media\"><img loading=\"lazy\" decoding=\"async\" width=\"1000\" height=\"600\" src=\"https:\/\/www.mirabel-crique.com\/wp-content\/uploads\/2026\/01\/camping-ecologique-bretagne.jpg\" alt=\"\" class=\"wp-image-10718 size-full\" srcset=\"https:\/\/www.mirabel-crique.com\/wp-content\/uploads\/2026\/01\/camping-ecologique-bretagne.jpg 1000w, https:\/\/www.mirabel-crique.com\/wp-content\/uploads\/2026\/01\/camping-ecologique-bretagne-300x180.jpg 300w, https:\/\/www.mirabel-crique.com\/wp-content\/uploads\/2026\/01\/camping-ecologique-bretagne-768x461.jpg 768w\" sizes=\"auto, (max-width: 1000px) 100vw, 1000px\" \/><\/figure><div class=\"wp-block-media-text__content\">\n<h2 class=\"wp-block-heading\"><strong>\ud83c\udf31<\/strong><strong> Natur und Biodiversit\u00e4t bewahren<\/strong><\/h2>\n\n\n\n<p>Wir handeln jeden Tag, um den Naturraum des Campingplatzes zu sch\u00fctzen und die Artenvielfalt zu f\u00f6rdern:<\/p>\n\n\n\n<p><\/p>\n\n\n\n<ul class=\"wp-block-list\">\n<li>Mulchen von Hecken, Beeten und B\u00e4umen, um die Bew\u00e4sserung einzuschr\u00e4nken<\/li>\n\n\n\n<li>M\u00e4hen in\u00a0<strong>Mulching<\/strong>\u00a0zur nat\u00fcrlichen Anreicherung des Bodens und zur Vermeidung von Gr\u00fcnabf\u00e4llen<\/li>\n\n\n\n<li><strong>Null Pflanzenschutzmittel<\/strong>\u00a0seit 2015<\/li>\n\n\n\n<li><strong>Sp\u00e4tes M\u00e4hen<\/strong> in bestimmten Gebieten, um der Natur Raum zu geben und Insekten willkommen zu hei\u00dfen<\/li>\n\n\n\n<li>Einrichtung einer internen Baumschule f\u00fcr eine autonomere Landschaftsgestaltung<\/li>\n\n\n\n<li>Von den Bewohnern unterzeichnete Gr\u00fcnfl\u00e4chencharta<\/li>\n<\/ul>\n<\/div><\/div>\n\n\n\n<div class=\"wp-block-media-text has-media-on-the-right is-stacked-on-mobile\"><div class=\"wp-block-media-text__content\">\n<h2 class=\"wp-block-heading\"><strong>\ud83d\udca7<\/strong><strong> Wasser und Energie sparen<\/strong><\/h2>\n\n\n\n<p>Da Ressourcen wertvoll sind, setzen wir nachhaltige L\u00f6sungen um :<\/p>\n\n\n\n<ul class=\"wp-block-list\">\n<li>Verfolgung des Wasser- und Stromverbrauchs durch Z\u00e4hler<\/li>\n\n\n\n<li>Installation von <strong>Regenwassersammler<\/strong> f\u00fcr die Bew\u00e4sserung<\/li>\n\n\n\n<li>Schrittweise Ersetzung energieintensiver Ger\u00e4te<\/li>\n\n\n\n<li>Installation von Tr\u00e4gheitsheizk\u00f6rpern und Erkennung von Fenster\u00f6ffnungen<\/li>\n\n\n\n<li>Nutzung von Elektrofahrzeugen oder Fahrradanh\u00e4ngern f\u00fcr Fahrten des Personals<\/li>\n<\/ul>\n\n\n\n<p>\ud83d\udc49 Konkretes Ergebnis :&nbsp;<strong>-20 % Stromverbrauch in einem Jahr<\/strong>&nbsp;auf Mobilheimen f\u00fcr den station\u00e4ren Gebrauch.<\/p>\n<\/div><figure class=\"wp-block-media-text__media\"><\/figure><\/div>\n\n\n\n<div class=\"wp-block-media-text is-stacked-on-mobile\"><figure class=\"wp-block-media-text__media\"><img loading=\"lazy\" decoding=\"async\" width=\"600\" height=\"450\" src=\"https:\/\/www.mirabel-crique.com\/wp-content\/uploads\/2026\/01\/tri-dechets-camping-responsable.jpg\" alt=\"\" class=\"wp-image-10719 size-full\" srcset=\"https:\/\/www.mirabel-crique.com\/wp-content\/uploads\/2026\/01\/tri-dechets-camping-responsable.jpg 600w, https:\/\/www.mirabel-crique.com\/wp-content\/uploads\/2026\/01\/tri-dechets-camping-responsable-300x225.jpg 300w\" sizes=\"auto, (max-width: 600px) 100vw, 600px\" \/><\/figure><div class=\"wp-block-media-text__content\">\n<h2 class=\"wp-block-heading\"><strong>\u267b\ufe0f<\/strong><strong> Abfall reduzieren und aufwerten<\/strong><\/h2>\n\n\n\n<p>Die M\u00fclltrennung wird auf dem gesamten Campingplatz erleichtert und gef\u00f6rdert:<\/p>\n\n\n\n<ul class=\"wp-block-list\">\n<li>M\u00fclltrennung in den Unterk\u00fcnften und auf den G\u00e4ngen<\/li>\n\n\n\n<li>Kompostierung von Bioabfall<\/li>\n\n\n\n<li>Sammeln von Batterien, Gl\u00fchbirnen und Korken<\/li>\n\n\n\n<li>Verwertung von Gr\u00fcnabf\u00e4llen<\/li>\n\n\n\n<li>Wiederverwendung von wiederverwerteten Materialien f\u00fcr die Einrichtung<\/li>\n<\/ul>\n\n\n\n<p>Ihre kleinen Urlaubsgesten tragen somit zu einer echten Tugendschleife bei.<\/p>\n<\/div><\/div>\n\n\n\n<div class=\"wp-block-media-text has-media-on-the-right is-stacked-on-mobile\"><div class=\"wp-block-media-text__content\">\n<h2 class=\"wp-block-heading\"><strong>\ud83c\udfe1<\/strong><strong> Unterk\u00fcnfte, die f\u00fcr einen umweltbewussten Urlaub konzipiert wurden<\/strong><\/h2>\n\n\n\n<p>Jede Unterkunft ist so ausgestattet, dass sie das richtige Verhalten begleitet:<\/p>\n\n\n\n<ul class=\"wp-block-list\">\n<li><strong>Kit des engagierten Campers<\/strong>\u00a0mit Haushaltsprodukten mit Umweltzeichen, die waschbar und nachf\u00fcllbar sind<\/li>\n\n\n\n<li>Nachhaltige Bettw\u00e4sche, die jede Saison gepflegt wird<\/li>\n\n\n\n<li>Willkommensnachricht und praktische Informationen zur Sensibilisierung bei der Ankunft<\/li>\n<\/ul>\n\n\n\n<h3 class=\"wp-block-heading\"><strong>Bewusstsein schaffen und gemeinsam handeln<\/strong><\/h3>\n\n\n\n<p>Wir glauben an einen nachhaltigen Tourismus\u00a0<strong>geteilt<\/strong>\u00a0Wir schulen unsere Mitarbeiter in neuen Umweltpraktiken. Wir lieben unser Land und bevorzugen die <strong>Partnerschaften mit lokalen Produzenten, H\u00e4ndlern und Handwerkern<\/strong>.<\/p>\n<\/div><figure class=\"wp-block-media-text__media\"><img loading=\"lazy\" decoding=\"async\" width=\"600\" height=\"450\" src=\"https:\/\/www.mirabel-crique.com\/wp-content\/uploads\/2026\/01\/kit-campeur-engage-Mirabel.jpg\" alt=\"\" class=\"wp-image-10720 size-full\" srcset=\"https:\/\/www.mirabel-crique.com\/wp-content\/uploads\/2026\/01\/kit-campeur-engage-Mirabel.jpg 600w, https:\/\/www.mirabel-crique.com\/wp-content\/uploads\/2026\/01\/kit-campeur-engage-Mirabel-300x225.jpg 300w\" sizes=\"auto, (max-width: 600px) 100vw, 600px\" \/><\/figure><\/div>\n\n\n\n<h2 class=\"wp-block-heading\"><strong>Die Wahl von La Crique ist...<\/strong><\/h2>\n\n\n\n<p>Entscheiden Sie sich f\u00fcr einen&nbsp;<strong>umweltbewusster Campingplatz in Saint-Cast-le-Guildo<\/strong>, Die meisten von uns haben sich f\u00fcr den Planeten, die Biodiversit\u00e4t und einen bewussteren Urlaub eingesetzt, ohne dabei auf Komfort und Geselligkeit zu verzichten.<\/p>\n\n\n\n<p>Ein Urlaub in der Bretagne, der einfach Sinn macht.<\/p>\n\n\n\n<figure class=\"wp-block-image aligncenter size-full is-resized\"><a href=\"https:\/\/infos.ademe.fr\/lettre-international-septembre-2021\/en-france-vers-un-tourisme-durable-pour-tous\/\" target=\"_blank\" rel=\" noreferrer noopener\"><img loading=\"lazy\" decoding=\"async\" width=\"643\" height=\"326\" src=\"https:\/\/www.mirabel-crique.com\/wp-content\/uploads\/2026\/01\/projet-tourisme-durable-Ademe.png\" alt=\"\" class=\"wp-image-10721\" style=\"width:389px;height:auto\" srcset=\"https:\/\/www.mirabel-crique.com\/wp-content\/uploads\/2026\/01\/projet-tourisme-durable-Ademe.png 643w, https:\/\/www.mirabel-crique.com\/wp-content\/uploads\/2026\/01\/projet-tourisme-durable-Ademe-300x152.png 300w\" sizes=\"auto, (max-width: 643px) 100vw, 643px\" \/><\/a><\/figure>","protected":false},"excerpt":{"rendered":"<p>Un camping engag\u00e9 pour des vacances \u00e9cologiques \u00e0 Saint-Cast-le-Guildo Au&nbsp;camping La Crique, \u00e0 Saint-Cast-le-Guildo, nous sommes convaincus que les vacances [&hellip;]<\/p>\n","protected":false},"author":2,"featured_media":0,"parent":0,"menu_order":0,"comment_status":"closed","ping_status":"closed","template":"","meta":{"_seopress_robots_primary_cat":"","_seopress_titles_title":"","_seopress_titles_desc":"","_seopress_robots_index":"","footnotes":""},"class_list":["post-10715","page","type-page","status-publish","hentry"],"_links":{"self":[{"href":"https:\/\/www.mirabel-crique.com\/de\/wp-json\/wp\/v2\/pages\/10715","targetHints":{"allow":["GET"]}}],"collection":[{"href":"https:\/\/www.mirabel-crique.com\/de\/wp-json\/wp\/v2\/pages"}],"about":[{"href":"https:\/\/www.mirabel-crique.com\/de\/wp-json\/wp\/v2\/types\/page"}],"author":[{"embeddable":true,"href":"https:\/\/www.mirabel-crique.com\/de\/wp-json\/wp\/v2\/users\/2"}],"replies":[{"embeddable":true,"href":"https:\/\/www.mirabel-crique.com\/de\/wp-json\/wp\/v2\/comments?post=10715"}],"version-history":[{"count":3,"href":"https:\/\/www.mirabel-crique.com\/de\/wp-json\/wp\/v2\/pages\/10715\/revisions"}],"predecessor-version":[{"id":10725,"href":"https:\/\/www.mirabel-crique.com\/de\/wp-json\/wp\/v2\/pages\/10715\/revisions\/10725"}],"wp:attachment":[{"href":"https:\/\/www.mirabel-crique.com\/de\/wp-json\/wp\/v2\/media?parent=10715"}],"curies":[{"name":"WordPress","href":"https:\/\/api.w.org\/{rel}","templated":true}]}}

Ökologisches Camping

<h1 class="wp-block-heading"><strong>Ein engagierter Campingplatz für umweltfreundliche Ferien in Saint-Cast-le-Guildo</strong></h1>



<p class="has-text-align-center">Auf&nbsp;<strong>Campingplatz La Crique</strong>, In Saint-Cast-le-Guildo sind wir davon überzeugt, dass Urlaub auch mit&nbsp;<strong>Spaß, Natur und Umweltfreundlichkeit</strong>. Als Mitglied der Vert Bleu-Campingplätze und der Familiengruppe Mirabel verfolgt unser Campingplatz einen konkreten Ansatz von&nbsp;<strong>nachhaltiger Tourismus in der Bretagne</strong>, Wir wollen, dass die Menschen in unserer Region mit sichtbaren, nützlichen und gemeinsamen Aktionen für unsere Urlauberinnen und Urlauber sorgen.</p>



<figure class="wp-block-image aligncenter size-full"><img loading="lazy" decoding="async" width="50" height="8" src="https://www.mirabel-crique.com/wp-content/uploads/2022/11/barre-bleue.png" alt="Stange" class="wp-image-8062"/></figure>



<div class="wp-block-media-text is-stacked-on-mobile"><figure class="wp-block-media-text__media"><img loading="lazy" decoding="async" width="1000" height="600" src="https://www.mirabel-crique.com/wp-content/uploads/2026/01/camping-ecologique-bretagne.jpg" alt="" class="wp-image-10718 size-full" srcset="https://www.mirabel-crique.com/wp-content/uploads/2026/01/camping-ecologique-bretagne.jpg 1000w, https://www.mirabel-crique.com/wp-content/uploads/2026/01/camping-ecologique-bretagne-300x180.jpg 300w, https://www.mirabel-crique.com/wp-content/uploads/2026/01/camping-ecologique-bretagne-768x461.jpg 768w" sizes="auto, (max-width: 1000px) 100vw, 1000px" /></figure><div class="wp-block-media-text__content">
<h2 class="wp-block-heading"><strong>🌱</strong><strong> Natur und Biodiversität bewahren</strong></h2>



<p>Wir handeln jeden Tag, um den Naturraum des Campingplatzes zu schützen und die Artenvielfalt zu fördern:</p>



<p></p>



<ul class="wp-block-list">
<li>Mulchen von Hecken, Beeten und Bäumen, um die Bewässerung einzuschränken</li>



<li>Mähen in <strong>Mulching</strong> zur natürlichen Anreicherung des Bodens und zur Vermeidung von Grünabfällen</li>



<li><strong>Null Pflanzenschutzmittel</strong> seit 2015</li>



<li><strong>Spätes Mähen</strong> in bestimmten Gebieten, um der Natur Raum zu geben und Insekten willkommen zu heißen</li>



<li>Einrichtung einer internen Baumschule für eine autonomere Landschaftsgestaltung</li>



<li>Von den Bewohnern unterzeichnete Grünflächencharta</li>
</ul>
</div></div>



<div class="wp-block-media-text has-media-on-the-right is-stacked-on-mobile"><div class="wp-block-media-text__content">
<h2 class="wp-block-heading"><strong>💧</strong><strong> Wasser und Energie sparen</strong></h2>



<p>Da Ressourcen wertvoll sind, setzen wir nachhaltige Lösungen um :</p>



<ul class="wp-block-list">
<li>Verfolgung des Wasser- und Stromverbrauchs durch Zähler</li>



<li>Installation von <strong>Regenwassersammler</strong> für die Bewässerung</li>



<li>Schrittweise Ersetzung energieintensiver Geräte</li>



<li>Installation von Trägheitsheizkörpern und Erkennung von Fensteröffnungen</li>



<li>Nutzung von Elektrofahrzeugen oder Fahrradanhängern für Fahrten des Personals</li>
</ul>



<p>👉 Konkretes Ergebnis :&nbsp;<strong>-20 % Stromverbrauch in einem Jahr</strong>&nbsp;auf Mobilheimen für den stationären Gebrauch.</p>
</div><figure class="wp-block-media-text__media"></figure></div>



<div class="wp-block-media-text is-stacked-on-mobile"><figure class="wp-block-media-text__media"><img loading="lazy" decoding="async" width="600" height="450" src="https://www.mirabel-crique.com/wp-content/uploads/2026/01/tri-dechets-camping-responsable.jpg" alt="" class="wp-image-10719 size-full" srcset="https://www.mirabel-crique.com/wp-content/uploads/2026/01/tri-dechets-camping-responsable.jpg 600w, https://www.mirabel-crique.com/wp-content/uploads/2026/01/tri-dechets-camping-responsable-300x225.jpg 300w" sizes="auto, (max-width: 600px) 100vw, 600px" /></figure><div class="wp-block-media-text__content">
<h2 class="wp-block-heading"><strong>♻️</strong><strong> Abfall reduzieren und aufwerten</strong></h2>



<p>Die Mülltrennung wird auf dem gesamten Campingplatz erleichtert und gefördert:</p>



<ul class="wp-block-list">
<li>Mülltrennung in den Unterkünften und auf den Gängen</li>



<li>Kompostierung von Bioabfall</li>



<li>Sammeln von Batterien, Glühbirnen und Korken</li>



<li>Verwertung von Grünabfällen</li>



<li>Wiederverwendung von wiederverwerteten Materialien für die Einrichtung</li>
</ul>



<p>Ihre kleinen Urlaubsgesten tragen somit zu einer echten Tugendschleife bei.</p>
</div></div>



<div class="wp-block-media-text has-media-on-the-right is-stacked-on-mobile"><div class="wp-block-media-text__content">
<h2 class="wp-block-heading"><strong>🏡</strong><strong> Unterkünfte, die für einen umweltbewussten Urlaub konzipiert wurden</strong></h2>



<p>Jede Unterkunft ist so ausgestattet, dass sie das richtige Verhalten begleitet:</p>



<ul class="wp-block-list">
<li><strong>Kit des engagierten Campers</strong> mit Haushaltsprodukten mit Umweltzeichen, die waschbar und nachfüllbar sind</li>



<li>Nachhaltige Bettwäsche, die jede Saison gepflegt wird</li>



<li>Willkommensnachricht und praktische Informationen zur Sensibilisierung bei der Ankunft</li>
</ul>



<h3 class="wp-block-heading"><strong>Bewusstsein schaffen und gemeinsam handeln</strong></h3>



<p>Wir glauben an einen nachhaltigen Tourismus <strong>geteilt</strong> Wir schulen unsere Mitarbeiter in neuen Umweltpraktiken. Wir lieben unser Land und bevorzugen die <strong>Partnerschaften mit lokalen Produzenten, Händlern und Handwerkern</strong>.</p>
</div><figure class="wp-block-media-text__media"><img loading="lazy" decoding="async" width="600" height="450" src="https://www.mirabel-crique.com/wp-content/uploads/2026/01/kit-campeur-engage-Mirabel.jpg" alt="" class="wp-image-10720 size-full" srcset="https://www.mirabel-crique.com/wp-content/uploads/2026/01/kit-campeur-engage-Mirabel.jpg 600w, https://www.mirabel-crique.com/wp-content/uploads/2026/01/kit-campeur-engage-Mirabel-300x225.jpg 300w" sizes="auto, (max-width: 600px) 100vw, 600px" /></figure></div>



<h2 class="wp-block-heading"><strong>Die Wahl von La Crique ist...</strong></h2>



<p>Entscheiden Sie sich für einen&nbsp;<strong>umweltbewusster Campingplatz in Saint-Cast-le-Guildo</strong>, Die meisten von uns haben sich für den Planeten, die Biodiversität und einen bewussteren Urlaub eingesetzt, ohne dabei auf Komfort und Geselligkeit zu verzichten.</p>



<p>Ein Urlaub in der Bretagne, der einfach Sinn macht.</p>



<figure class="wp-block-image aligncenter size-full is-resized"><a href="https://infos.ademe.fr/lettre-international-septembre-2021/en-france-vers-un-tourisme-durable-pour-tous/" target="_blank" rel=" noreferrer noopener"><img loading="lazy" decoding="async" width="643" height="326" src="https://www.mirabel-crique.com/wp-content/uploads/2026/01/projet-tourisme-durable-Ademe.png" alt="" class="wp-image-10721" style="width:389px;height:auto" srcset="https://www.mirabel-crique.com/wp-content/uploads/2026/01/projet-tourisme-durable-Ademe.png 643w, https://www.mirabel-crique.com/wp-content/uploads/2026/01/projet-tourisme-durable-Ademe-300x152.png 300w" sizes="auto, (max-width: 643px) 100vw, 643px" /></a></figure>

<p>Un camping engagé pour des vacances écologiques à Saint-Cast-le-Guildo Au&nbsp;camping La Crique, à Saint-Cast-le-Guildo, nous sommes convaincus que les vacances [&hellip;]</p>
