{"id":7514,"date":"2022-10-24T11:06:47","date_gmt":"2022-10-24T09:06:47","guid":{"rendered":"https:\/\/www.mirabel-crique.com\/?page_id=7514"},"modified":"2026-04-15T17:01:31","modified_gmt":"2026-04-15T15:01:31","slug":"campingplatz","status":"publish","type":"page","link":"https:\/\/www.mirabel-crique.com\/de\/emplacements\/","title":{"rendered":"Campingpl\u00e4tze"},"content":{"rendered":"<h1 class=\"wp-block-heading\">Ger\u00e4umige Stellpl\u00e4tze mit Meerblick in Saint-Cast-le-Guildo<\/h1>\n\n\n\n<p class=\"has-text-align-center\">Begeben Sie sich in luftige H\u00f6hen, w\u00e4hlen Sie Ihren <a href=\"https:\/\/www.mirabel-crique.com\/de\/unterkunft\/campingplatze\/\">Standort<\/a> flach und mit Rasen direkt am Meer, um den einzigartigen Blick auf das Smaragdmeer und das Fort La latte zu genie\u00dfen, oder weiter zur\u00fcckliegend, gesch\u00fctzt. Mit einer atemberaubenden Landschaft wird es Ihnen den Atem rauben!<\/p>\n\n\n\n<figure class=\"wp-block-image aligncenter size-full\"><img loading=\"lazy\" decoding=\"async\" width=\"50\" height=\"8\" src=\"https:\/\/www.mirabel-crique.com\/wp-content\/uploads\/2022\/10\/barre-bleue.png\" alt=\"Stange\" class=\"wp-image-7508\"\/><\/figure>\n\n\n\n<div style=\"height:30px\" aria-hidden=\"true\" class=\"wp-block-spacer\"><\/div>\n\n\n\n<div class=\"wp-block-media-text alignwide has-media-on-the-right is-stacked-on-mobile\"><div class=\"wp-block-media-text__content\">\n<p class=\"texte-rond has-orange-color has-text-color has-large-font-size\">Accueil randonneurs - Eine kleine Pause, bevor es weitergeht!<\/p>\n\n\n\n<p>Platziert auf der Route des <a href=\"https:\/\/www.mongr.fr\/trouver-prochaine-randonnee\/itineraire\/gr-34-le-plus-maritime-des-sentiers-de-grande-randonnee\" target=\"_blank\" rel=\"noreferrer noopener\">GR34<\/a>, Der Campingplatz La Crique ist der perfekte Ort, um zwischen zwei Wandertagen an der C\u00f4te d'\u00c9meraude einen Zwischenstopp einzulegen.<br>Stellen Sie Ihr Zelt, Ihren Wohnwagen oder Ihr Wohnmobil mit Blick auf den <a href=\"https:\/\/www.lefortlalatte.com\/\" target=\"_blank\" rel=\"noreferrer noopener\">Fort La latte<\/a>, und genie\u00dfen Sie die Landschaft. Unsere <strong>80 m\u00b2 Stellpl\u00e4tze<\/strong> mit elektrischem Anschluss k\u00f6nnen <strong>bis zu 6 Personen<\/strong>. Ob f\u00fcr eine Nacht, ein paar Tage oder mehrere Wochen - mieten Sie Ihren Stellplatz, wie es Ihnen gef\u00e4llt!<\/p>\n\n\n\n<p><em>Achtung: Terrassencamping, Treppen zwischen den Plateaus insbesondere zwischen Stellpl\u00e4tzen und Sanit\u00e4ranlagen, nicht empfehlenswert f\u00fcr Personen mit Gehbehinderungen.<\/em><\/p>\n\n\n\n<div class=\"wp-block-buttons is-layout-flex wp-block-buttons-is-layout-flex\">\n<div class=\"wp-block-button aligncenter\"><a class=\"wp-block-button__link has-orange-background-color has-background wp-element-button\" href=\"https:\/\/www.mirabel-crique.com\/de\/campingplan\/\">Plan des Campingplatzes<\/a><\/div>\n<\/div>\n<\/div><figure class=\"wp-block-media-text__media\"><img loading=\"lazy\" decoding=\"async\" width=\"1024\" height=\"768\" src=\"https:\/\/www.mirabel-crique.com\/wp-content\/uploads\/2022\/10\/1-Crique-emplacements-mer-1-1024x768.jpg\" alt=\"Lage des Campingplatzes in der Bretagne\" class=\"wp-image-7516 size-full\" srcset=\"https:\/\/www.mirabel-crique.com\/wp-content\/uploads\/2022\/10\/1-Crique-emplacements-mer-1-1024x768.jpg 1024w, https:\/\/www.mirabel-crique.com\/wp-content\/uploads\/2022\/10\/1-Crique-emplacements-mer-1-300x225.jpg 300w, https:\/\/www.mirabel-crique.com\/wp-content\/uploads\/2022\/10\/1-Crique-emplacements-mer-1-768x576.jpg 768w, https:\/\/www.mirabel-crique.com\/wp-content\/uploads\/2022\/10\/1-Crique-emplacements-mer-1.jpg 1200w\" sizes=\"auto, (max-width: 1024px) 100vw, 1024px\" \/><\/figure><\/div>\n\n\n\n<h2 class=\"wp-block-heading\">Vermietung Stellpl\u00e4tze<\/h2>\n\n\n\n<figure class=\"wp-block-image size-full\"><img loading=\"lazy\" decoding=\"async\" width=\"50\" height=\"8\" src=\"https:\/\/www.mirabel-crique.com\/wp-content\/uploads\/2022\/10\/barre-bleue.png\" alt=\"Stange\" class=\"wp-image-7508\"\/><\/figure>\n\n\n\n<h2 class=\"wp-block-heading\">Nur Stellplatz, Stellplatzpauschale, 2 Angebote zur Auswahl! <\/h2>\n\n\n<p><ctv-availability data-product-id=\"42745\" data-background-color=\"#FFFFFFFF\"><\/ctv-availability><\/p>\n\n\n\n<div class=\"wp-block-columns is-layout-flex wp-container-core-columns-is-layout-28f84493 wp-block-columns-is-layout-flex\">\n<div class=\"wp-block-column has-white-color has-text-color is-layout-flow wp-block-column-is-layout-flow\" id=\"options\">\n<div class=\"wp-block-group card h-100 pl-4 pr-4 pt-4 rounded-lg border border-info is-layout-flow wp-block-group-is-layout-flow\">\n<p class=\"has-text-align-left has-turquoise-color has-text-color has-medium-font-size\"><img decoding=\"async\" class=\"wp-image-1933\" style=\"width: 50px;\" src=\"https:\/\/www.campinglarenaudiere.com\/wp-content\/uploads\/2021\/12\/etoile.png\" alt=\"Stern\">   &nbsp;      <strong>OPTIONAL<\/strong><\/p>\n\n\n\n<figure class=\"wp-block-table text-left table-tarifs\"><table class=\"has-turquoise-color has-text-color\"><tbody><tr><td><mark style=\"background-color:rgba(0, 0, 0, 0)\" class=\"has-inline-color has-orange-color\"><strong><mark style=\"background-color:rgba(0, 0, 0, 0)\" class=\"has-inline-color has-orange-color\">\u2022<\/mark> <\/strong> <\/mark><strong>Bettlaken mieten<\/strong>s<\/td><td class=\"has-text-align-left\" data-align=\"left\"><strong>12 \u20ac \/ 15 \u20ac<\/strong> <strong>pro Aufenthalt  <\/strong>            <\/td><\/tr><tr><td><strong> <span class=\"has-inline-color has-orange-color\">\u2022<\/span> <\/strong> <strong>Verleih von Babyausstattungen<br><\/strong><em>(Kinderbett und Hochstuhl) <\/em><\/td><td class=\"has-text-align-left\" data-align=\"left\"><strong>3 \u20ac \/ Tag<\/strong><\/td><\/tr><tr><td><strong> <mark style=\"background-color:rgba(0, 0, 0, 0)\" class=\"has-inline-color has-orange-color\">\u2022<\/mark> <\/strong> <strong>WIFI<\/strong><br><em>(stundenweise oder pauschal)<\/em><\/td><td class=\"has-text-align-left\" data-align=\"left\"><strong>5 \u20ac \/ 39 \u20ac <\/strong><\/td><\/tr><tr><td><strong> <mark style=\"background-color:rgba(0, 0, 0, 0)\" class=\"has-inline-color has-orange-color\">\u2022<\/mark>  W\u00e4scherei<\/strong><br><em>(Waschmaschine 5\u20ac, Trockner 4\u20ac, Waschmittel 1\u20ac)<\/em><\/td><td class=\"has-text-align-left\" data-align=\"left\"><strong>1\u20ac \/ 5\u20ac<\/strong><\/td><\/tr><tr><td><strong> <span class=\"has-inline-color has-orange-color\">\u2022<\/span> <\/strong> <strong>Haustiere akzeptiert  <em><br><\/em><\/strong><em>(Katze und Hunde, au\u00dfer Kat 1 und 2, maximal 2 pro Stellplatz)<\/em> <\/td><td class=\"has-text-align-left\" data-align=\"left\">2<strong> \u20ac\/ Nacht <\/strong><\/td><\/tr><tr><td><strong><mark style=\"background-color:rgba(0, 0, 0, 0)\" class=\"has-inline-color has-orange-color\"> \u2022<\/mark> Grill<\/strong><br><em>in Selbstbedienung auf dem Campingplatz (Gitter an der Rezeption erh\u00e4ltlich)<\/em><\/td><td class=\"has-text-align-left\" data-align=\"left\"><strong>Kaution von 20 \u20ac<\/strong><\/td><\/tr><\/tbody><\/table><\/figure>\n<\/div>\n<\/div>\n\n\n\n<div class=\"wp-block-column is-vertically-aligned-top has-orange-color has-white-color has-text-color is-layout-flow wp-block-column-is-layout-flow\">\n<div class=\"wp-block-cover aligncenter card h-100 pl-4 pr-4 pt-4 rounded-lg border border-info\"><img decoding=\"async\" class=\"wp-block-cover__image-background wp-image-1376\" alt=\"\" src=\"https:\/\/www.campinglarenaudiere.com\/wp-content\/uploads\/2022\/01\/services-camping-Pornic.jpg\" style=\"object-position:61% 50%\" data-object-fit=\"cover\" data-object-position=\"61% 50%\"\/><span aria-hidden=\"true\" class=\"wp-block-cover__background has-turquoise-background-color has-background-dim-80 has-background-dim\"><\/span><div class=\"wp-block-cover__inner-container is-layout-flow wp-block-cover-is-layout-flow\">\n<p class=\"has-medium-font-size\"><img decoding=\"async\" class=\"wp-image-1977\" style=\"width: 70px;\" src=\"https:\/\/www.campinglarenaudiere.com\/wp-content\/uploads\/2021\/12\/smile-blanc.png\" alt=\"\">    &nbsp;  <strong>PRAXIS<\/strong><\/p>\n\n\n\n<div style=\"height:18px\" aria-hidden=\"true\" class=\"wp-block-spacer\"><\/div>\n\n\n\n<p class=\"wp-block-sev-picto-text\"><i class=\"fa fa-clock\"><\/i><span>Ankunft ab 14 Uhr und Abreise bis 12 Uhr<\/span><\/p>\n\n\n\n<p class=\"wp-block-sev-picto-text\"><i class=\"fas fa-wifi\"><\/i><span>WLAN gegen Geb\u00fchr (von 5 bis 26 \u20ac je nach gew\u00e4hlter Dauer und Anzahl der Ger\u00e4te)<\/span><\/p>\n\n\n\n<div style=\"height:32px\" aria-hidden=\"true\" class=\"wp-block-spacer\"><\/div>\n\n\n\n<p class=\"has-text-align-center\"><strong>\u00d6ffnungszeiten der Anlaufstelle <\/strong> <br><img decoding=\"async\" class=\"wp-image-4325\" style=\"width: 49px;\" src=\"https:\/\/www.campinglarenaudiere.com\/wp-content\/uploads\/2021\/12\/barre-camping-1.png\" alt=\"\"> <\/p>\n\n\n\n<p class=\"has-text-align-center\">Nebensaison: 9:30 bis 12:00 Uhr und 14:00 bis 18:00 Uhr<br>Juli - August<em>&nbsp;<\/em>: 9h bis 12h und 14h bis 19h<\/p>\n\n\n\n<p><\/p>\n<\/div><\/div>\n<\/div>\n<\/div>\n\n\n\n<p><\/p>\n\n\n\n<p class=\"has-text-align-center texte-rond mt-5 has-large-font-size\">Was es auf dem Campingplatz zu entdecken gibt<\/p>\n\n\n\n<div class=\"wp-block-columns are-vertically-aligned-center h-20 front-page-section grey is-layout-flex wp-container-core-columns-is-layout-28f84493 wp-block-columns-is-layout-flex\">\n<div class=\"wp-block-column is-layout-flow wp-block-column-is-layout-flow\"><\/div>\n\n\n\n<div class=\"wp-block-column is-layout-flow wp-block-column-is-layout-flow\">\n<div class=\"wp-block-create-block-sevgutenberg-navigation\"><aside class=\"encart-sev-navigation small carre\"><a href=\"https:\/\/www.mirabel-crique.com\/de\/verkauf-mobilheime\/\" class=\"d-flex flex-column align-items-center\"><div class=\"encart-title\"><span>Werden Sie Eigent\u00fcmer<\/span><\/div><div class=\"vague\"><\/div><img decoding=\"async\" src=\"https:\/\/www.mirabel-crique.com\/wp-content\/uploads\/2022\/10\/1-mobil-home-parcelle-resident.jpg\" alt=\"\"\/><div class=\"ligne\"><\/div><div class=\"hover\"><\/div><\/a><\/aside><\/div>\n<\/div>\n\n\n\n<div class=\"wp-block-column is-vertically-aligned-center is-layout-flow wp-block-column-is-layout-flow\">\n<div class=\"wp-block-create-block-sevgutenberg-navigation\"><aside class=\"encart-sev-navigation small carre\"><a href=\"https:\/\/www.mirabel-crique.com\/de\/campingdienste\/\" class=\"d-flex flex-column align-items-center\"><div class=\"encart-title\"><span>Dienste<\/span><\/div><div class=\"vague\"><\/div><img decoding=\"async\" src=\"https:\/\/www.mirabel-crique.com\/wp-content\/uploads\/2022\/10\/header-page-services.jpg\" alt=\"dienstleistungen des campingplatzes am strand in saint cast le guildo\"\/><div class=\"ligne\"><\/div><div class=\"hover\"><\/div><\/a><\/aside><\/div>\n<\/div>\n\n\n\n<div class=\"wp-block-column is-vertically-aligned-center is-layout-flow wp-block-column-is-layout-flow\">\n<div class=\"wp-block-create-block-sevgutenberg-navigation\"><aside class=\"encart-sev-navigation small carre\"><a href=\"https:\/\/www.mirabel-crique.com\/de\/die-erfahrungen\/\" class=\"d-flex flex-column align-items-center\"><div class=\"encart-title\"><span>Erfahrungen<\/span><\/div><div class=\"vague\"><\/div><img decoding=\"async\" src=\"https:\/\/www.mirabel-crique.com\/wp-content\/uploads\/2022\/10\/3-pixabay-plongee-bretagne.jpg\" alt=\"Tauchen in Saint Cast le Guildo\"\/><div class=\"ligne\"><\/div><div class=\"hover\"><\/div><\/a><\/aside><\/div>\n<\/div>\n\n\n\n<div class=\"wp-block-column is-layout-flow wp-block-column-is-layout-flow\"><\/div>\n<\/div>","protected":false},"excerpt":{"rendered":"<p>Des emplacements spacieux avec vue sur la mer \u00e0 Saint-Cast-le-Guildo Prenez de la hauteur, choisissez votre emplacement plat et engazonn\u00e9 [&hellip;]<\/p>\n","protected":false},"author":1,"featured_media":0,"parent":0,"menu_order":0,"comment_status":"closed","ping_status":"closed","template":"","meta":{"_seopress_robots_primary_cat":"","_seopress_titles_title":"","_seopress_titles_desc":"R\u00e9servez votre emplacement en tente, caravane ou camping-car au camping la Crique en Bretagne","_seopress_robots_index":"","footnotes":""},"class_list":["post-7514","page","type-page","status-publish","hentry"],"_links":{"self":[{"href":"https:\/\/www.mirabel-crique.com\/de\/wp-json\/wp\/v2\/pages\/7514","targetHints":{"allow":["GET"]}}],"collection":[{"href":"https:\/\/www.mirabel-crique.com\/de\/wp-json\/wp\/v2\/pages"}],"about":[{"href":"https:\/\/www.mirabel-crique.com\/de\/wp-json\/wp\/v2\/types\/page"}],"author":[{"embeddable":true,"href":"https:\/\/www.mirabel-crique.com\/de\/wp-json\/wp\/v2\/users\/1"}],"replies":[{"embeddable":true,"href":"https:\/\/www.mirabel-crique.com\/de\/wp-json\/wp\/v2\/comments?post=7514"}],"version-history":[{"count":31,"href":"https:\/\/www.mirabel-crique.com\/de\/wp-json\/wp\/v2\/pages\/7514\/revisions"}],"predecessor-version":[{"id":10833,"href":"https:\/\/www.mirabel-crique.com\/de\/wp-json\/wp\/v2\/pages\/7514\/revisions\/10833"}],"wp:attachment":[{"href":"https:\/\/www.mirabel-crique.com\/de\/wp-json\/wp\/v2\/media?parent=7514"}],"curies":[{"name":"WordPress","href":"https:\/\/api.w.org\/{rel}","templated":true}]}}

Campingplätze

<h1 class="wp-block-heading">Geräumige Stellplätze mit Meerblick in Saint-Cast-le-Guildo</h1>



<p class="has-text-align-center">Begeben Sie sich in luftige Höhen, wählen Sie Ihren <a href="https://www.mirabel-crique.com/de/unterkunft/campingplatze/">Standort</a> flach und mit Rasen direkt am Meer, um den einzigartigen Blick auf das Smaragdmeer und das Fort La latte zu genießen, oder weiter zurückliegend, geschützt. Mit einer atemberaubenden Landschaft wird es Ihnen den Atem rauben!</p>



<figure class="wp-block-image aligncenter size-full"><img loading="lazy" decoding="async" width="50" height="8" src="https://www.mirabel-crique.com/wp-content/uploads/2022/10/barre-bleue.png" alt="Stange" class="wp-image-7508"/></figure>



<div style="height:30px" aria-hidden="true" class="wp-block-spacer"></div>



<div class="wp-block-media-text alignwide has-media-on-the-right is-stacked-on-mobile"><div class="wp-block-media-text__content">
<p class="texte-rond has-orange-color has-text-color has-large-font-size">Accueil randonneurs - Eine kleine Pause, bevor es weitergeht!</p>



<p>Platziert auf der Route des <a href="https://www.mongr.fr/trouver-prochaine-randonnee/itineraire/gr-34-le-plus-maritime-des-sentiers-de-grande-randonnee" target="_blank" rel="noreferrer noopener">GR34</a>, Der Campingplatz La Crique ist der perfekte Ort, um zwischen zwei Wandertagen an der Côte d'Émeraude einen Zwischenstopp einzulegen.<br>Stellen Sie Ihr Zelt, Ihren Wohnwagen oder Ihr Wohnmobil mit Blick auf den <a href="https://www.lefortlalatte.com/" target="_blank" rel="noreferrer noopener">Fort La latte</a>, und genießen Sie die Landschaft. Unsere <strong>80 m² Stellplätze</strong> mit elektrischem Anschluss können <strong>bis zu 6 Personen</strong>. Ob für eine Nacht, ein paar Tage oder mehrere Wochen - mieten Sie Ihren Stellplatz, wie es Ihnen gefällt!</p>



<p><em>Achtung: Terrassencamping, Treppen zwischen den Plateaus insbesondere zwischen Stellplätzen und Sanitäranlagen, nicht empfehlenswert für Personen mit Gehbehinderungen.</em></p>



<div class="wp-block-buttons is-layout-flex wp-block-buttons-is-layout-flex">
<div class="wp-block-button aligncenter"><a class="wp-block-button__link has-orange-background-color has-background wp-element-button" href="https://www.mirabel-crique.com/de/campingplan/">Plan des Campingplatzes</a></div>
</div>
</div><figure class="wp-block-media-text__media"><img loading="lazy" decoding="async" width="1024" height="768" src="https://www.mirabel-crique.com/wp-content/uploads/2022/10/1-Crique-emplacements-mer-1-1024x768.jpg" alt="Lage des Campingplatzes in der Bretagne" class="wp-image-7516 size-full" srcset="https://www.mirabel-crique.com/wp-content/uploads/2022/10/1-Crique-emplacements-mer-1-1024x768.jpg 1024w, https://www.mirabel-crique.com/wp-content/uploads/2022/10/1-Crique-emplacements-mer-1-300x225.jpg 300w, https://www.mirabel-crique.com/wp-content/uploads/2022/10/1-Crique-emplacements-mer-1-768x576.jpg 768w, https://www.mirabel-crique.com/wp-content/uploads/2022/10/1-Crique-emplacements-mer-1.jpg 1200w" sizes="auto, (max-width: 1024px) 100vw, 1024px" /></figure></div>



<h2 class="wp-block-heading">Vermietung Stellplätze</h2>



<figure class="wp-block-image size-full"><img loading="lazy" decoding="async" width="50" height="8" src="https://www.mirabel-crique.com/wp-content/uploads/2022/10/barre-bleue.png" alt="Stange" class="wp-image-7508"/></figure>



<h2 class="wp-block-heading">Nur Stellplatz, Stellplatzpauschale, 2 Angebote zur Auswahl! </h2>


<p><ctv-availability data-product-id="42745" data-background-color="#FFFFFFFF"></ctv-availability></p>



<div class="wp-block-columns is-layout-flex wp-container-core-columns-is-layout-28f84493 wp-block-columns-is-layout-flex">
<div class="wp-block-column has-white-color has-text-color is-layout-flow wp-block-column-is-layout-flow" id="options">
<div class="wp-block-group card h-100 pl-4 pr-4 pt-4 rounded-lg border border-info is-layout-flow wp-block-group-is-layout-flow">
<p class="has-text-align-left has-turquoise-color has-text-color has-medium-font-size"><img decoding="async" class="wp-image-1933" style="width: 50px;" src="https://www.campinglarenaudiere.com/wp-content/uploads/2021/12/etoile.png" alt="Stern">   &nbsp;      <strong>OPTIONAL</strong></p>



<figure class="wp-block-table text-left table-tarifs"><table class="has-turquoise-color has-text-color"><tbody><tr><td><mark style="background-color:rgba(0, 0, 0, 0)" class="has-inline-color has-orange-color"><strong><mark style="background-color:rgba(0, 0, 0, 0)" class="has-inline-color has-orange-color">•</mark> </strong> </mark><strong>Bettlaken mieten</strong>s</td><td class="has-text-align-left" data-align="left"><strong>12 € / 15 €</strong> <strong>pro Aufenthalt  </strong>            </td></tr><tr><td><strong> <span class="has-inline-color has-orange-color">•</span> </strong> <strong>Verleih von Babyausstattungen<br></strong><em>(Kinderbett und Hochstuhl) </em></td><td class="has-text-align-left" data-align="left"><strong>3 € / Tag</strong></td></tr><tr><td><strong> <mark style="background-color:rgba(0, 0, 0, 0)" class="has-inline-color has-orange-color">•</mark> </strong> <strong>WIFI</strong><br><em>(stundenweise oder pauschal)</em></td><td class="has-text-align-left" data-align="left"><strong>5 € / 39 € </strong></td></tr><tr><td><strong> <mark style="background-color:rgba(0, 0, 0, 0)" class="has-inline-color has-orange-color">•</mark>  Wäscherei</strong><br><em>(Waschmaschine 5€, Trockner 4€, Waschmittel 1€)</em></td><td class="has-text-align-left" data-align="left"><strong>1€ / 5€</strong></td></tr><tr><td><strong> <span class="has-inline-color has-orange-color">•</span> </strong> <strong>Haustiere akzeptiert  <em><br></em></strong><em>(Katze und Hunde, außer Kat 1 und 2, maximal 2 pro Stellplatz)</em> </td><td class="has-text-align-left" data-align="left">2<strong> €/ Nacht </strong></td></tr><tr><td><strong><mark style="background-color:rgba(0, 0, 0, 0)" class="has-inline-color has-orange-color"> •</mark> Grill</strong><br><em>in Selbstbedienung auf dem Campingplatz (Gitter an der Rezeption erhältlich)</em></td><td class="has-text-align-left" data-align="left"><strong>Kaution von 20 €</strong></td></tr></tbody></table></figure>
</div>
</div>



<div class="wp-block-column is-vertically-aligned-top has-orange-color has-white-color has-text-color is-layout-flow wp-block-column-is-layout-flow">
<div class="wp-block-cover aligncenter card h-100 pl-4 pr-4 pt-4 rounded-lg border border-info"><img decoding="async" class="wp-block-cover__image-background wp-image-1376" alt="" src="https://www.campinglarenaudiere.com/wp-content/uploads/2022/01/services-camping-Pornic.jpg" style="object-position:61% 50%" data-object-fit="cover" data-object-position="61% 50%"/><span aria-hidden="true" class="wp-block-cover__background has-turquoise-background-color has-background-dim-80 has-background-dim"></span><div class="wp-block-cover__inner-container is-layout-flow wp-block-cover-is-layout-flow">
<p class="has-medium-font-size"><img decoding="async" class="wp-image-1977" style="width: 70px;" src="https://www.campinglarenaudiere.com/wp-content/uploads/2021/12/smile-blanc.png" alt="">    &nbsp;  <strong>PRAXIS</strong></p>



<div style="height:18px" aria-hidden="true" class="wp-block-spacer"></div>



<p class="wp-block-sev-picto-text"><i class="fa fa-clock"></i><span>Ankunft ab 14 Uhr und Abreise bis 12 Uhr</span></p>



<p class="wp-block-sev-picto-text"><i class="fas fa-wifi"></i><span>WLAN gegen Gebühr (von 5 bis 26 € je nach gewählter Dauer und Anzahl der Geräte)</span></p>



<div style="height:32px" aria-hidden="true" class="wp-block-spacer"></div>



<p class="has-text-align-center"><strong>Öffnungszeiten der Anlaufstelle </strong> <br><img decoding="async" class="wp-image-4325" style="width: 49px;" src="https://www.campinglarenaudiere.com/wp-content/uploads/2021/12/barre-camping-1.png" alt=""> </p>



<p class="has-text-align-center">Nebensaison: 9:30 bis 12:00 Uhr und 14:00 bis 18:00 Uhr<br>Juli - August<em>&nbsp;</em>: 9h bis 12h und 14h bis 19h</p>



<p></p>
</div></div>
</div>
</div>



<p></p>



<p class="has-text-align-center texte-rond mt-5 has-large-font-size">Was es auf dem Campingplatz zu entdecken gibt</p>



<div class="wp-block-columns are-vertically-aligned-center h-20 front-page-section grey is-layout-flex wp-container-core-columns-is-layout-28f84493 wp-block-columns-is-layout-flex">
<div class="wp-block-column is-layout-flow wp-block-column-is-layout-flow"></div>



<div class="wp-block-column is-layout-flow wp-block-column-is-layout-flow">
<div class="wp-block-create-block-sevgutenberg-navigation"><aside class="encart-sev-navigation small carre"><a href="https://www.mirabel-crique.com/de/verkauf-mobilheime/" class="d-flex flex-column align-items-center"><div class="encart-title"><span>Werden Sie Eigentümer</span></div><div class="vague"></div><img decoding="async" src="https://www.mirabel-crique.com/wp-content/uploads/2022/10/1-mobil-home-parcelle-resident.jpg" alt=""/><div class="ligne"></div><div class="hover"></div></a></aside></div>
</div>



<div class="wp-block-column is-vertically-aligned-center is-layout-flow wp-block-column-is-layout-flow">
<div class="wp-block-create-block-sevgutenberg-navigation"><aside class="encart-sev-navigation small carre"><a href="https://www.mirabel-crique.com/de/campingdienste/" class="d-flex flex-column align-items-center"><div class="encart-title"><span>Dienste</span></div><div class="vague"></div><img decoding="async" src="https://www.mirabel-crique.com/wp-content/uploads/2022/10/header-page-services.jpg" alt="dienstleistungen des campingplatzes am strand in saint cast le guildo"/><div class="ligne"></div><div class="hover"></div></a></aside></div>
</div>



<div class="wp-block-column is-vertically-aligned-center is-layout-flow wp-block-column-is-layout-flow">
<div class="wp-block-create-block-sevgutenberg-navigation"><aside class="encart-sev-navigation small carre"><a href="https://www.mirabel-crique.com/de/die-erfahrungen/" class="d-flex flex-column align-items-center"><div class="encart-title"><span>Erfahrungen</span></div><div class="vague"></div><img decoding="async" src="https://www.mirabel-crique.com/wp-content/uploads/2022/10/3-pixabay-plongee-bretagne.jpg" alt="Tauchen in Saint Cast le Guildo"/><div class="ligne"></div><div class="hover"></div></a></aside></div>
</div>



<div class="wp-block-column is-layout-flow wp-block-column-is-layout-flow"></div>
</div>

<p>Des emplacements spacieux avec vue sur la mer à Saint-Cast-le-Guildo Prenez de la hauteur, choisissez votre emplacement plat et engazonné [&hellip;]</p>

Réservez votre emplacement en tente, caravane ou camping-car au camping la Crique en Bretagne
