{"id":10715,"date":"2026-01-28T08:22:56","date_gmt":"2026-01-28T07:22:56","guid":{"rendered":"https:\/\/www.mirabel-crique.com\/?page_id=10715"},"modified":"2026-01-28T09:33:29","modified_gmt":"2026-01-28T08:33:29","slug":"ecologisch-kamperen","status":"publish","type":"page","link":"https:\/\/www.mirabel-crique.com\/nl\/camping-ecologique\/","title":{"rendered":"Ecologisch kamperen"},"content":{"rendered":"<h1 class=\"wp-block-heading\"><strong>Een camping toegewijd aan ecologische vakanties in Saint-Cast-le-Guildo<\/strong><\/h1>\n\n\n\n<p class=\"has-text-align-center\">Bezoek&nbsp;<strong>camping La Crique<\/strong>, Op Saint-Cast-le-Guildo zijn we ervan overtuigd dat vakantie hand in hand kan gaan met&nbsp;<strong>plezier, natuur en respect voor het milieu<\/strong>. Als lid van de Vert Bleu campings en de Mirabel familiegroep, zet onze camping zich in voor een concrete aanpak van duurzame ontwikkeling.&nbsp;<strong>duurzaam toerisme in Bretagne<\/strong>, Met acties die zichtbaar en nuttig zijn en gedeeld worden met onze vakantiegangers.<\/p>\n\n\n\n<figure class=\"wp-block-image aligncenter size-full\"><img loading=\"lazy\" decoding=\"async\" width=\"50\" height=\"8\" src=\"https:\/\/www.mirabel-crique.com\/wp-content\/uploads\/2022\/11\/barre-bleue.png\" alt=\"bar\" class=\"wp-image-8062\"\/><\/figure>\n\n\n\n<div class=\"wp-block-media-text is-stacked-on-mobile\"><figure class=\"wp-block-media-text__media\"><img loading=\"lazy\" decoding=\"async\" width=\"1000\" height=\"600\" src=\"https:\/\/www.mirabel-crique.com\/wp-content\/uploads\/2026\/01\/camping-ecologique-bretagne.jpg\" alt=\"\" class=\"wp-image-10718 size-full\" srcset=\"https:\/\/www.mirabel-crique.com\/wp-content\/uploads\/2026\/01\/camping-ecologique-bretagne.jpg 1000w, https:\/\/www.mirabel-crique.com\/wp-content\/uploads\/2026\/01\/camping-ecologique-bretagne-300x180.jpg 300w, https:\/\/www.mirabel-crique.com\/wp-content\/uploads\/2026\/01\/camping-ecologique-bretagne-768x461.jpg 768w\" sizes=\"auto, (max-width: 1000px) 100vw, 1000px\" \/><\/figure><div class=\"wp-block-media-text__content\">\n<h2 class=\"wp-block-heading\"><strong>\ud83c\udf31<\/strong><strong> Natuur en biodiversiteit behouden<\/strong><\/h2>\n\n\n\n<p>We ondernemen elke dag actie om de natuurlijke omgeving van de camping te beschermen en de biodiversiteit te bevorderen:<\/p>\n\n\n\n<p><\/p>\n\n\n\n<ul class=\"wp-block-list\">\n<li>Mulch hagen, bloembedden en bomen om besproeiing te beperken<\/li>\n\n\n\n<li>Maaien in\u00a0<strong>mulchen<\/strong>\u00a0om de bodem op natuurlijke wijze te verrijken en groenafval te voorkomen<\/li>\n\n\n\n<li><strong>Nul gewasbeschermingsmiddelen<\/strong>\u00a0sinds 2015<\/li>\n\n\n\n<li><strong>Laat maaien<\/strong> in bepaalde gebieden om de natuur de kans te geven zich te uiten en insecten te verwelkomen<\/li>\n\n\n\n<li>Creatie van een eigen kwekerij voor meer autonome landschapsarchitectuur<\/li>\n\n\n\n<li>Handvest voor groene ruimten ondertekend door bewoners<\/li>\n<\/ul>\n<\/div><\/div>\n\n\n\n<div class=\"wp-block-media-text has-media-on-the-right is-stacked-on-mobile\"><div class=\"wp-block-media-text__content\">\n<h2 class=\"wp-block-heading\"><strong>\ud83d\udca7<\/strong><strong> Water en energie besparen<\/strong><\/h2>\n\n\n\n<p>Omdat hulpbronnen kostbaar zijn, implementeren we duurzame oplossingen:<\/p>\n\n\n\n<ul class=\"wp-block-list\">\n<li>Meting van water- en elektriciteitsverbruik<\/li>\n\n\n\n<li>Installatie van <strong>regenwater oogstmachines<\/strong> voor besproeiing<\/li>\n\n\n\n<li>Geleidelijke vervanging van energieverslindende apparatuur<\/li>\n\n\n\n<li>Installatie van traagheidsradiatoren en detectie van raamopening<\/li>\n\n\n\n<li>Gebruik van elektrische voertuigen of fietskarren voor personeelsreizen<\/li>\n<\/ul>\n\n\n\n<p>\ud83d\udc49 Concreet resultaat:&nbsp;<strong>-20 % reductie in elektriciteitsverbruik in \u00e9\u00e9n jaar<\/strong>&nbsp;op residenti\u00eble stacaravans.<\/p>\n<\/div><figure class=\"wp-block-media-text__media\"><\/figure><\/div>\n\n\n\n<div class=\"wp-block-media-text is-stacked-on-mobile\"><figure class=\"wp-block-media-text__media\"><img loading=\"lazy\" decoding=\"async\" width=\"600\" height=\"450\" src=\"https:\/\/www.mirabel-crique.com\/wp-content\/uploads\/2026\/01\/tri-dechets-camping-responsable.jpg\" alt=\"\" class=\"wp-image-10719 size-full\" srcset=\"https:\/\/www.mirabel-crique.com\/wp-content\/uploads\/2026\/01\/tri-dechets-camping-responsable.jpg 600w, https:\/\/www.mirabel-crique.com\/wp-content\/uploads\/2026\/01\/tri-dechets-camping-responsable-300x225.jpg 300w\" sizes=\"auto, (max-width: 600px) 100vw, 600px\" \/><\/figure><div class=\"wp-block-media-text__content\">\n<h2 class=\"wp-block-heading\"><strong>\u267b\ufe0f<\/strong><strong> Afval verminderen en recyclen<\/strong><\/h2>\n\n\n\n<p>Overal op de camping wordt selectief sorteren aangemoedigd:<\/p>\n\n\n\n<ul class=\"wp-block-list\">\n<li>Selectief sorteren in accommodatie en looppaden<\/li>\n\n\n\n<li>Composteren van bioafval<\/li>\n\n\n\n<li>Inzameling van batterijen, gloeilampen en kurken<\/li>\n\n\n\n<li>Groen afval recyclen<\/li>\n\n\n\n<li>Hergebruik van gerecyclede materialen voor landschapsarchitectuur<\/li>\n<\/ul>\n\n\n\n<p>Je kleine vakantiegebaren maken deel uit van een opwaartse spiraal.<\/p>\n<\/div><\/div>\n\n\n\n<div class=\"wp-block-media-text has-media-on-the-right is-stacked-on-mobile\"><div class=\"wp-block-media-text__content\">\n<h2 class=\"wp-block-heading\"><strong>\ud83c\udfe1<\/strong><strong> Accommodatie ontworpen voor eco-verantwoorde vakanties<\/strong><\/h2>\n\n\n\n<p>Elke accommodatie is uitgerust om goede praktijken te ondersteunen:<\/p>\n\n\n\n<ul class=\"wp-block-list\">\n<li><strong>Betrokken camper kit<\/strong>\u00a0met huishoudelijke producten met ecolabel, afwasbaar en navulbaar<\/li>\n\n\n\n<li>Duurzaam beddengoed dat elk seizoen wordt onderhouden<\/li>\n\n\n\n<li>Welkomstboodschap en praktische informatie om het bewustzijn bij aankomst te vergroten<\/li>\n<\/ul>\n\n\n\n<h3 class=\"wp-block-heading\"><strong>Samen bewustzijn cre\u00ebren en actie ondernemen<\/strong><\/h3>\n\n\n\n<p>Wij geloven in duurzaam toerisme\u00a0<strong>gedeeld<\/strong>\u00a0We zetten ons in voor het milieu: we trainen onze teams in nieuwe milieupraktijken. We houden van onze regio en zijn voorstander van <strong>partnerschappen met lokale producenten, handelaren en ambachtslieden<\/strong>.<\/p>\n<\/div><figure class=\"wp-block-media-text__media\"><img loading=\"lazy\" decoding=\"async\" width=\"600\" height=\"450\" src=\"https:\/\/www.mirabel-crique.com\/wp-content\/uploads\/2026\/01\/kit-campeur-engage-Mirabel.jpg\" alt=\"\" class=\"wp-image-10720 size-full\" srcset=\"https:\/\/www.mirabel-crique.com\/wp-content\/uploads\/2026\/01\/kit-campeur-engage-Mirabel.jpg 600w, https:\/\/www.mirabel-crique.com\/wp-content\/uploads\/2026\/01\/kit-campeur-engage-Mirabel-300x225.jpg 300w\" sizes=\"auto, (max-width: 600px) 100vw, 600px\" \/><\/figure><\/div>\n\n\n\n<h2 class=\"wp-block-heading\"><strong>Kiezen voor La Crique betekent...<\/strong><\/h2>\n\n\n\n<p>Kies voor een&nbsp;<strong>milieuvriendelijke camping in Saint-Cast-le-Guildo<\/strong>, toegewijd aan de planeet, biodiversiteit en bewustere vakanties, zonder in te boeten aan comfort of gezelligheid.<\/p>\n\n\n\n<p>Een vakantie in Bretagne die gewoon logisch is.<\/p>\n\n\n\n<figure class=\"wp-block-image aligncenter size-full is-resized\"><a href=\"https:\/\/infos.ademe.fr\/lettre-international-septembre-2021\/en-france-vers-un-tourisme-durable-pour-tous\/\" target=\"_blank\" rel=\" noreferrer noopener\"><img loading=\"lazy\" decoding=\"async\" width=\"643\" height=\"326\" src=\"https:\/\/www.mirabel-crique.com\/wp-content\/uploads\/2026\/01\/projet-tourisme-durable-Ademe.png\" alt=\"\" class=\"wp-image-10721\" style=\"width:389px;height:auto\" srcset=\"https:\/\/www.mirabel-crique.com\/wp-content\/uploads\/2026\/01\/projet-tourisme-durable-Ademe.png 643w, https:\/\/www.mirabel-crique.com\/wp-content\/uploads\/2026\/01\/projet-tourisme-durable-Ademe-300x152.png 300w\" sizes=\"auto, (max-width: 643px) 100vw, 643px\" \/><\/a><\/figure>","protected":false},"excerpt":{"rendered":"<p>Un camping engag\u00e9 pour des vacances \u00e9cologiques \u00e0 Saint-Cast-le-Guildo Au&nbsp;camping La Crique, \u00e0 Saint-Cast-le-Guildo, nous sommes convaincus que les vacances [&hellip;]<\/p>\n","protected":false},"author":2,"featured_media":0,"parent":0,"menu_order":0,"comment_status":"closed","ping_status":"closed","template":"","meta":{"_seopress_robots_primary_cat":"","_seopress_titles_title":"","_seopress_titles_desc":"","_seopress_robots_index":"","footnotes":""},"class_list":["post-10715","page","type-page","status-publish","hentry"],"_links":{"self":[{"href":"https:\/\/www.mirabel-crique.com\/nl\/wp-json\/wp\/v2\/pages\/10715","targetHints":{"allow":["GET"]}}],"collection":[{"href":"https:\/\/www.mirabel-crique.com\/nl\/wp-json\/wp\/v2\/pages"}],"about":[{"href":"https:\/\/www.mirabel-crique.com\/nl\/wp-json\/wp\/v2\/types\/page"}],"author":[{"embeddable":true,"href":"https:\/\/www.mirabel-crique.com\/nl\/wp-json\/wp\/v2\/users\/2"}],"replies":[{"embeddable":true,"href":"https:\/\/www.mirabel-crique.com\/nl\/wp-json\/wp\/v2\/comments?post=10715"}],"version-history":[{"count":3,"href":"https:\/\/www.mirabel-crique.com\/nl\/wp-json\/wp\/v2\/pages\/10715\/revisions"}],"predecessor-version":[{"id":10725,"href":"https:\/\/www.mirabel-crique.com\/nl\/wp-json\/wp\/v2\/pages\/10715\/revisions\/10725"}],"wp:attachment":[{"href":"https:\/\/www.mirabel-crique.com\/nl\/wp-json\/wp\/v2\/media?parent=10715"}],"curies":[{"name":"wp","href":"https:\/\/api.w.org\/{rel}","templated":true}]}}

<h1 class="wp-block-heading"><strong>Een camping toegewijd aan ecologische vakanties in Saint-Cast-le-Guildo</strong></h1>



<p class="has-text-align-center">Bezoek&nbsp;<strong>camping La Crique</strong>, Op Saint-Cast-le-Guildo zijn we ervan overtuigd dat vakantie hand in hand kan gaan met&nbsp;<strong>plezier, natuur en respect voor het milieu</strong>. Als lid van de Vert Bleu campings en de Mirabel familiegroep, zet onze camping zich in voor een concrete aanpak van duurzame ontwikkeling.&nbsp;<strong>duurzaam toerisme in Bretagne</strong>, Met acties die zichtbaar en nuttig zijn en gedeeld worden met onze vakantiegangers.</p>



<figure class="wp-block-image aligncenter size-full"><img loading="lazy" decoding="async" width="50" height="8" src="https://www.mirabel-crique.com/wp-content/uploads/2022/11/barre-bleue.png" alt="bar" class="wp-image-8062"/></figure>



<div class="wp-block-media-text is-stacked-on-mobile"><figure class="wp-block-media-text__media"><img loading="lazy" decoding="async" width="1000" height="600" src="https://www.mirabel-crique.com/wp-content/uploads/2026/01/camping-ecologique-bretagne.jpg" alt="" class="wp-image-10718 size-full" srcset="https://www.mirabel-crique.com/wp-content/uploads/2026/01/camping-ecologique-bretagne.jpg 1000w, https://www.mirabel-crique.com/wp-content/uploads/2026/01/camping-ecologique-bretagne-300x180.jpg 300w, https://www.mirabel-crique.com/wp-content/uploads/2026/01/camping-ecologique-bretagne-768x461.jpg 768w" sizes="auto, (max-width: 1000px) 100vw, 1000px" /></figure><div class="wp-block-media-text__content">
<h2 class="wp-block-heading"><strong>🌱</strong><strong> Natuur en biodiversiteit behouden</strong></h2>



<p>We ondernemen elke dag actie om de natuurlijke omgeving van de camping te beschermen en de biodiversiteit te bevorderen:</p>



<p></p>



<ul class="wp-block-list">
<li>Mulch hagen, bloembedden en bomen om besproeiing te beperken</li>



<li>Maaien in <strong>mulchen</strong> om de bodem op natuurlijke wijze te verrijken en groenafval te voorkomen</li>



<li><strong>Nul gewasbeschermingsmiddelen</strong> sinds 2015</li>



<li><strong>Laat maaien</strong> in bepaalde gebieden om de natuur de kans te geven zich te uiten en insecten te verwelkomen</li>



<li>Creatie van een eigen kwekerij voor meer autonome landschapsarchitectuur</li>



<li>Handvest voor groene ruimten ondertekend door bewoners</li>
</ul>
</div></div>



<div class="wp-block-media-text has-media-on-the-right is-stacked-on-mobile"><div class="wp-block-media-text__content">
<h2 class="wp-block-heading"><strong>💧</strong><strong> Water en energie besparen</strong></h2>



<p>Omdat hulpbronnen kostbaar zijn, implementeren we duurzame oplossingen:</p>



<ul class="wp-block-list">
<li>Meting van water- en elektriciteitsverbruik</li>



<li>Installatie van <strong>regenwater oogstmachines</strong> voor besproeiing</li>



<li>Geleidelijke vervanging van energieverslindende apparatuur</li>



<li>Installatie van traagheidsradiatoren en detectie van raamopening</li>



<li>Gebruik van elektrische voertuigen of fietskarren voor personeelsreizen</li>
</ul>



<p>👉 Concreet resultaat:&nbsp;<strong>-20 % reductie in elektriciteitsverbruik in één jaar</strong>&nbsp;op residentiële stacaravans.</p>
</div><figure class="wp-block-media-text__media"></figure></div>



<div class="wp-block-media-text is-stacked-on-mobile"><figure class="wp-block-media-text__media"><img loading="lazy" decoding="async" width="600" height="450" src="https://www.mirabel-crique.com/wp-content/uploads/2026/01/tri-dechets-camping-responsable.jpg" alt="" class="wp-image-10719 size-full" srcset="https://www.mirabel-crique.com/wp-content/uploads/2026/01/tri-dechets-camping-responsable.jpg 600w, https://www.mirabel-crique.com/wp-content/uploads/2026/01/tri-dechets-camping-responsable-300x225.jpg 300w" sizes="auto, (max-width: 600px) 100vw, 600px" /></figure><div class="wp-block-media-text__content">
<h2 class="wp-block-heading"><strong>♻️</strong><strong> Afval verminderen en recyclen</strong></h2>



<p>Overal op de camping wordt selectief sorteren aangemoedigd:</p>



<ul class="wp-block-list">
<li>Selectief sorteren in accommodatie en looppaden</li>



<li>Composteren van bioafval</li>



<li>Inzameling van batterijen, gloeilampen en kurken</li>



<li>Groen afval recyclen</li>



<li>Hergebruik van gerecyclede materialen voor landschapsarchitectuur</li>
</ul>



<p>Je kleine vakantiegebaren maken deel uit van een opwaartse spiraal.</p>
</div></div>



<div class="wp-block-media-text has-media-on-the-right is-stacked-on-mobile"><div class="wp-block-media-text__content">
<h2 class="wp-block-heading"><strong>🏡</strong><strong> Accommodatie ontworpen voor eco-verantwoorde vakanties</strong></h2>



<p>Elke accommodatie is uitgerust om goede praktijken te ondersteunen:</p>



<ul class="wp-block-list">
<li><strong>Betrokken camper kit</strong> met huishoudelijke producten met ecolabel, afwasbaar en navulbaar</li>



<li>Duurzaam beddengoed dat elk seizoen wordt onderhouden</li>



<li>Welkomstboodschap en praktische informatie om het bewustzijn bij aankomst te vergroten</li>
</ul>



<h3 class="wp-block-heading"><strong>Samen bewustzijn creëren en actie ondernemen</strong></h3>



<p>Wij geloven in duurzaam toerisme <strong>gedeeld</strong> We zetten ons in voor het milieu: we trainen onze teams in nieuwe milieupraktijken. We houden van onze regio en zijn voorstander van <strong>partnerschappen met lokale producenten, handelaren en ambachtslieden</strong>.</p>
</div><figure class="wp-block-media-text__media"><img loading="lazy" decoding="async" width="600" height="450" src="https://www.mirabel-crique.com/wp-content/uploads/2026/01/kit-campeur-engage-Mirabel.jpg" alt="" class="wp-image-10720 size-full" srcset="https://www.mirabel-crique.com/wp-content/uploads/2026/01/kit-campeur-engage-Mirabel.jpg 600w, https://www.mirabel-crique.com/wp-content/uploads/2026/01/kit-campeur-engage-Mirabel-300x225.jpg 300w" sizes="auto, (max-width: 600px) 100vw, 600px" /></figure></div>



<h2 class="wp-block-heading"><strong>Kiezen voor La Crique betekent...</strong></h2>



<p>Kies voor een&nbsp;<strong>milieuvriendelijke camping in Saint-Cast-le-Guildo</strong>, toegewijd aan de planeet, biodiversiteit en bewustere vakanties, zonder in te boeten aan comfort of gezelligheid.</p>



<p>Een vakantie in Bretagne die gewoon logisch is.</p>



<figure class="wp-block-image aligncenter size-full is-resized"><a href="https://infos.ademe.fr/lettre-international-septembre-2021/en-france-vers-un-tourisme-durable-pour-tous/" target="_blank" rel=" noreferrer noopener"><img loading="lazy" decoding="async" width="643" height="326" src="https://www.mirabel-crique.com/wp-content/uploads/2026/01/projet-tourisme-durable-Ademe.png" alt="" class="wp-image-10721" style="width:389px;height:auto" srcset="https://www.mirabel-crique.com/wp-content/uploads/2026/01/projet-tourisme-durable-Ademe.png 643w, https://www.mirabel-crique.com/wp-content/uploads/2026/01/projet-tourisme-durable-Ademe-300x152.png 300w" sizes="auto, (max-width: 643px) 100vw, 643px" /></a></figure>

<p>Un camping engagé pour des vacances écologiques à Saint-Cast-le-Guildo Au&nbsp;camping La Crique, à Saint-Cast-le-Guildo, nous sommes convaincus que les vacances [&hellip;]</p>
